{"id":2435,"date":"2018-08-12T17:00:31","date_gmt":"2018-08-12T15:00:31","guid":{"rendered":"http:\/\/www.avlaflor.org\/?page_id=2435"},"modified":"2026-01-05T11:13:33","modified_gmt":"2026-01-05T10:13:33","slug":"ciudad-inclusiva","status":"publish","type":"page","link":"https:\/\/www.avlaflor.org\/?page_id=2435","title":{"rendered":"Cambio Clim\u00e1tico y Medio Ambiente"},"content":{"rendered":"\n<p class=\"has-medium-font-size\">La <strong>sistem\u00e1tica destrucci\u00f3n y expolio de los recursos naturales <\/strong>no solo ha ido conformando una verdadera <strong>econom\u00eda contra las personas, <\/strong>sino <strong>contra todo el planeta<\/strong>, que se ha visibilizado especialmente en lo relativo a los cambios clim\u00e1ticos que venimos experimentando, y sus consecuencias a corto y medio plazo a lo largo de los \u00faltimos a\u00f1os. <\/p>\n\n\n\n<p class=\"has-medium-font-size\">El manifiesto firmado por m\u00e1s de 300 organizaciones, entre ellas la <strong><a aria-label=\"FRAVM (opens in a new tab)\" href=\"https:\/\/aavvmadrid.org\/noticias\/los-barriosporelclima-se-mueven-por-la-huelga-del-27-s\/\" target=\"_blank\" rel=\"noreferrer noopener\">FRAVM<\/a><\/strong>, convocando a la <strong>Huelga Mundial por el Clima<\/strong> en septiembre de 2019, lo expresaba muy claramente.<\/p>\n\n\n\n<p class=\"has-medium-font-size\">Sin duda,&nbsp;<strong>nuestro estilo de vida, nuestras formas de producir y de consumir<\/strong>, <strong>son<br>insostenibles no solo para las generaciones futuras, sino para las personas y dem\u00e1s seres vivos que habitamos hoy el planeta tierra.<\/strong><\/p>\n\n\n\n<p class=\"has-medium-font-size\">Y por ello nos hemos interesado por algunas redes de organizaciones ciudadanas que \u00faltimamente est\u00e1n articulando espacios comunes de reflexi\u00f3n, como la<strong>Conferencia M\u00e1s All\u00e1 del Crecimiento<\/strong>, celebrada en septiembre del 2025, y que convoca el <a href=\"https:\/\/beyondgrowth.es\/foro-social-2026\/\"><strong>Foro Social<\/strong><\/a> el 13 y 14 de febrero del 2026 en la Universidad Aut\u00f3noma de Madrid (UAM).\u00a0<br><\/p>\n\n\n\n<p class=\"has-medium-font-size\">Por eso, desde la asociaci\u00f3n compartimos la exigencia a los gobiernos e instituciones internacionales, europeas, estatales, auton\u00f3micas y locales, para que asuman sus responsabilidades en la situaci\u00f3n creada, por encima de los intereses privados de las grandes empresas y corporaciones internacionales.<\/p>\n\n\n\n<h2 class=\"wp-block-heading\">Y en nuestros barrios&#8230;<\/h2>\n\n\n\n<p class=\"has-medium-font-size\">En el \u00e1mbito local cotidiano la ciudadan\u00eda organizada en las asociaciones vecinales, llevamos tiempo movi\u00e9ndonos para avanzar paso a paso en la toma de conciencia de las vecinas y vecinos sobre esos cambios necesarios y urgentes:<\/p>\n\n\n\n<div class=\"wp-block-group\"><div class=\"wp-block-group__inner-container is-layout-constrained wp-block-group-is-layout-constrained\">\n<div class=\"wp-block-group\"><div class=\"wp-block-group__inner-container is-layout-constrained wp-block-group-is-layout-constrained\">\n<ul class=\"wp-block-list has-medium-font-size\">\n<li>Poniendo en marcha espacios donde compartir conocimientos, habilidades y recursos. como la  <strong>escuela de activismo vecinal.<\/strong>\u00a0<\/li>\n\n\n\n<li>Insistiendo con campa\u00f1as de denuncia, informaci\u00f3n y sensibilizaci\u00f3n en general.&nbsp;<\/li>\n\n\n\n<li>Protestando por las formas y la poca transparencia de la nueva \u201cTasa de Basuras\u201d del Ayto Madrid<\/li>\n\n\n\n<li>Asumiendo <strong>el reto de disminuir la producci\u00f3n de residuos<\/strong>, actuando contra el desperdicio alimentario, entre otras cosas.<\/li>\n\n\n\n<li>Aprendiendo a reparar, a reutilizar, a reciclar en \u00faltima instancia. Aprender junto a nuestras compa\u00f1eras de <strong>La Retienda<\/strong> a hacer estas cosas y m\u00e1s.<\/li>\n<\/ul>\n<\/div><\/div>\n\n\n\n<ul class=\"wp-block-list\">\n<li class=\"has-medium-font-size\">Reivindicando reiteradamente la&nbsp;<strong>prioridad del uso del espacio p\u00fablico para las personas, las bicicletas y<\/strong>&nbsp;<strong>el transporte p\u00fablico, por ejemplo<\/strong><\/li>\n\n\n\n<li class=\"has-medium-font-size\">Exigiendo mejores y m\u00e1s l\u00edneas de bus y de metro, como la reciente<strong> reivindicaci\u00f3n del trazado de la l\u00ednea 11,<\/strong> que inicialmente llegaba al barrio del Pilar y Pe\u00f1agrande y ahora se va a Valdebebas para facilitar la llegada de personas al nuevo estadio del Real Madrid y al circuito de f\u00f3rmula 1 (en construcci\u00f3n).<\/li>\n\n\n\n<li class=\"has-medium-font-size\">Exigiendo sin descanso el uso y mantenimiento sostenible de los edificios p\u00fablicos, en especial (aunque no solo) en lo que se refiere al&nbsp;<strong>gasto energ\u00e9tico (eficiencia y renovables)<\/strong><\/li>\n\n\n\n<li class=\"has-medium-font-size\">Promoviendo las comunidades energ\u00e9ticas, como la <strong>Comunidad Energ\u00e9tica Dehesa del Sol<\/strong>, a la que recientemente la asociaci\u00f3n vecinal se ha a\u00f1adido al tiempo que actuamos contra la pobreza energ\u00e9tica.<\/li>\n<\/ul>\n<\/div><\/div>\n\n\n\n<ul class=\"wp-block-list has-medium-font-size\">\n<li>O medidas para&nbsp;<strong>disminuir los \u00edndices de contaminaci\u00f3n<\/strong>&nbsp;del aire, pero tambi\u00e9n la contaminaci\u00f3n lum\u00ednica y ruidos que nos afecta, el mantenimiento de los espacios verdes, del arbolado de parques y calles, la&nbsp;<strong>ampliaci\u00f3n de zonas verdes asegurando la biodiversidad y la accesibilidad,<\/strong>&nbsp;al tiempo que cuidamos\u2026<\/li>\n<\/ul>\n\n\n\n<p><\/p>\n","protected":false},"excerpt":{"rendered":"<p>La sistem\u00e1tica destrucci\u00f3n y expolio de los recursos naturales no solo ha ido conformando una verdadera econom\u00eda contra las personas, &hellip; <a href=\"https:\/\/www.avlaflor.org\/?page_id=2435\" class=\"more-link\">M\u00e1s <span class=\"screen-reader-text\">Cambio Clim\u00e1tico y Medio Ambiente<\/span> <span class=\"meta-nav\">&rarr;<\/span><\/a><\/p>\n","protected":false},"author":6,"featured_media":0,"parent":4049,"menu_order":0,"comment_status":"closed","ping_status":"closed","template":"","meta":{"jetpack_post_was_ever_published":false,"footnotes":""},"class_list":["post-2435","page","type-page","status-publish","hentry"],"jetpack_sharing_enabled":true,"_links":{"self":[{"href":"https:\/\/www.avlaflor.org\/index.php?rest_route=\/wp\/v2\/pages\/2435","targetHints":{"allow":["GET"]}}],"collection":[{"href":"https:\/\/www.avlaflor.org\/index.php?rest_route=\/wp\/v2\/pages"}],"about":[{"href":"https:\/\/www.avlaflor.org\/index.php?rest_route=\/wp\/v2\/types\/page"}],"author":[{"embeddable":true,"href":"https:\/\/www.avlaflor.org\/index.php?rest_route=\/wp\/v2\/users\/6"}],"replies":[{"embeddable":true,"href":"https:\/\/www.avlaflor.org\/index.php?rest_route=%2Fwp%2Fv2%2Fcomments&post=2435"}],"version-history":[{"count":20,"href":"https:\/\/www.avlaflor.org\/index.php?rest_route=\/wp\/v2\/pages\/2435\/revisions"}],"predecessor-version":[{"id":4414,"href":"https:\/\/www.avlaflor.org\/index.php?rest_route=\/wp\/v2\/pages\/2435\/revisions\/4414"}],"up":[{"embeddable":true,"href":"https:\/\/www.avlaflor.org\/index.php?rest_route=\/wp\/v2\/pages\/4049"}],"wp:attachment":[{"href":"https:\/\/www.avlaflor.org\/index.php?rest_route=%2Fwp%2Fv2%2Fmedia&parent=2435"}],"curies":[{"name":"wp","href":"https:\/\/api.w.org\/{rel}","templated":true}]}}

Cambio Climático y Medio Ambiente

<p class="has-medium-font-size">La <strong>sistemática destrucción y expolio de los recursos naturales </strong>no solo ha ido conformando una verdadera <strong>economía contra las personas, </strong>sino <strong>contra todo el planeta</strong>, que se ha visibilizado especialmente en lo relativo a los cambios climáticos que venimos experimentando, y sus consecuencias a corto y medio plazo a lo largo de los últimos años. </p>



<p class="has-medium-font-size">El manifiesto firmado por más de 300 organizaciones, entre ellas la <strong><a aria-label="FRAVM (opens in a new tab)" href="https://aavvmadrid.org/noticias/los-barriosporelclima-se-mueven-por-la-huelga-del-27-s/" target="_blank" rel="noreferrer noopener">FRAVM</a></strong>, convocando a la <strong>Huelga Mundial por el Clima</strong> en septiembre de 2019, lo expresaba muy claramente.</p>



<p class="has-medium-font-size">Sin duda,&nbsp;<strong>nuestro estilo de vida, nuestras formas de producir y de consumir</strong>, <strong>son<br>insostenibles no solo para las generaciones futuras, sino para las personas y demás seres vivos que habitamos hoy el planeta tierra.</strong></p>



<p class="has-medium-font-size">Y por ello nos hemos interesado por algunas redes de organizaciones ciudadanas que últimamente están articulando espacios comunes de reflexión, como la<strong>Conferencia Más Allá del Crecimiento</strong>, celebrada en septiembre del 2025, y que convoca el <a href="https://beyondgrowth.es/foro-social-2026/"><strong>Foro Social</strong></a> el 13 y 14 de febrero del 2026 en la Universidad Autónoma de Madrid (UAM). <br></p>



<p class="has-medium-font-size">Por eso, desde la asociación compartimos la exigencia a los gobiernos e instituciones internacionales, europeas, estatales, autonómicas y locales, para que asuman sus responsabilidades en la situación creada, por encima de los intereses privados de las grandes empresas y corporaciones internacionales.</p>



<h2 class="wp-block-heading">Y en nuestros barrios&#8230;</h2>



<p class="has-medium-font-size">En el ámbito local cotidiano la ciudadanía organizada en las asociaciones vecinales, llevamos tiempo moviéndonos para avanzar paso a paso en la toma de conciencia de las vecinas y vecinos sobre esos cambios necesarios y urgentes:</p>



<div class="wp-block-group"><div class="wp-block-group__inner-container is-layout-constrained wp-block-group-is-layout-constrained">
<div class="wp-block-group"><div class="wp-block-group__inner-container is-layout-constrained wp-block-group-is-layout-constrained">
<ul class="wp-block-list has-medium-font-size">
<li>Poniendo en marcha espacios donde compartir conocimientos, habilidades y recursos. como la  <strong>escuela de activismo vecinal.</strong> </li>



<li>Insistiendo con campañas de denuncia, información y sensibilización en general.&nbsp;</li>



<li>Protestando por las formas y la poca transparencia de la nueva “Tasa de Basuras” del Ayto Madrid</li>



<li>Asumiendo <strong>el reto de disminuir la producción de residuos</strong>, actuando contra el desperdicio alimentario, entre otras cosas.</li>



<li>Aprendiendo a reparar, a reutilizar, a reciclar en última instancia. Aprender junto a nuestras compañeras de <strong>La Retienda</strong> a hacer estas cosas y más.</li>
</ul>
</div></div>



<ul class="wp-block-list">
<li class="has-medium-font-size">Reivindicando reiteradamente la&nbsp;<strong>prioridad del uso del espacio público para las personas, las bicicletas y</strong>&nbsp;<strong>el transporte público, por ejemplo</strong></li>



<li class="has-medium-font-size">Exigiendo mejores y más líneas de bus y de metro, como la reciente<strong> reivindicación del trazado de la línea 11,</strong> que inicialmente llegaba al barrio del Pilar y Peñagrande y ahora se va a Valdebebas para facilitar la llegada de personas al nuevo estadio del Real Madrid y al circuito de fórmula 1 (en construcción).</li>



<li class="has-medium-font-size">Exigiendo sin descanso el uso y mantenimiento sostenible de los edificios públicos, en especial (aunque no solo) en lo que se refiere al&nbsp;<strong>gasto energético (eficiencia y renovables)</strong></li>



<li class="has-medium-font-size">Promoviendo las comunidades energéticas, como la <strong>Comunidad Energética Dehesa del Sol</strong>, a la que recientemente la asociación vecinal se ha añadido al tiempo que actuamos contra la pobreza energética.</li>
</ul>
</div></div>



<ul class="wp-block-list has-medium-font-size">
<li>O medidas para&nbsp;<strong>disminuir los índices de contaminación</strong>&nbsp;del aire, pero también la contaminación lumínica y ruidos que nos afecta, el mantenimiento de los espacios verdes, del arbolado de parques y calles, la&nbsp;<strong>ampliación de zonas verdes asegurando la biodiversidad y la accesibilidad,</strong>&nbsp;al tiempo que cuidamos…</li>
</ul>



<p></p>

<p>La sistemática destrucción y expolio de los recursos naturales no solo ha ido conformando una verdadera economía contra las personas, &hellip; <a href="https://www.avlaflor.org/?page_id=2435" class="more-link">Más <span class="screen-reader-text">Cambio Climático y Medio Ambiente</span> <span class="meta-nav">&rarr;</span></a></p>
