{"id":2439,"date":"2018-08-12T17:01:02","date_gmt":"2018-08-12T15:01:02","guid":{"rendered":"http:\/\/www.avlaflor.org\/?page_id=2439"},"modified":"2026-01-05T17:03:03","modified_gmt":"2026-01-05T16:03:03","slug":"comunes","status":"publish","type":"page","link":"https:\/\/www.avlaflor.org\/?page_id=2439","title":{"rendered":"Cultura"},"content":{"rendered":"\n<p class=\"has-medium-font-size\">La cultura, entendida como creencias, saberes, pautas de conducta, s\u00edmbolos, medios de comunicaci\u00f3n y de relaci\u00f3n entre las personas y las comunidades es la&nbsp;<strong>expresi\u00f3n de las ideas dominantes de la sociedad que vivimos<\/strong>, en este caso, una sociedad patriarcal capitalista, antropoc\u00e9ntrica y etnocentrista, excluyente de las diversidades personales, sociales, culturales, raciales, \u00e9tnicas y econ\u00f3micas.&nbsp;<\/p>\n\n\n\n<p class=\"has-medium-font-size\">Y esa expresi\u00f3n de ideas dominantes se manifiesta a trav\u00e9s de m\u00faltiples instrumentos, unos m\u00e1s simb\u00f3licos y otros m\u00e1s estructurales, materiales, organizativos\u2026<\/p>\n\n\n\n<p class=\"has-medium-font-size\">Como decimos en el libro <strong><a rel=\"noreferrer noopener\" href=\"http:\/\/www.avlaflor.org\/wp-content\/uploads\/2018\/08\/CuatroD\u00e9cadasHaciendoBarrioEdicionFinal.pdf\" target=\"_blank\">40 a\u00f1os haciendo barrio<\/a><\/strong>, la cultura con may\u00fascula no existe, aunque eso sea lo que siempre nos han vendido y han intentado que asumi\u00e9semos. Tampoco existe eso que llaman <strong>nuestra cultura<\/strong>, cuando lo que se pretende es ponerla frente a las otras y, adem\u00e1s, en lugar privilegiado.<\/p>\n\n\n\n<p class=\"has-medium-font-size\">Pero s\u00ed existen las <strong>guerras culturales<\/strong> animadas desde las altas instancias pol\u00edticas, religiosas y medi\u00e1ticas, cuando se utilizan las creatividades de grupos y personas como armas arrojadizas, con objetivos ajenos a la creaci\u00f3n art\u00edstica y con intenci\u00f3n de <strong>infundir miedo y censura<\/strong>. <\/p>\n\n\n\n<p class=\"has-medium-font-size\">Y cuando mencionamos la palabra cultura, estamos hablando tambi\u00e9n de <strong>educaci\u00f3n<\/strong>, esa que suele vivir encerrada en las paredes de los centros educativos (o enganchada a \u201cla nube\u201d), porque \u00e9sta, la educaci\u00f3n, es elemento b\u00e1sico de refuerzo, veh\u00edculo estructural, de esa cultura dominante que nos gu\u00eda, en general, y en particular en las historias que nos cuentan (o callan) en algunas materias curriculares.<br><\/p>\n\n\n\n<p class=\"has-medium-font-size\">Pero como\u00a0<strong>en todas las comunidades existen m\u00faltiples culturas y manifestaciones culturales que escapan al poder instituido<\/strong>, es ah\u00ed donde cobra importancia la acci\u00f3n de las vecinas y vecinos de los barrios, de los distritos, de las ciudades, pueblos y aldeas\u2026<\/p>\n\n\n\n<p class=\"has-medium-font-size\">As\u00ed, desde su inicio, La Flor participamos en la <strong>Plataforma por unas Fiestas Populares<\/strong>,  que durante todos estos a\u00f1os ha mantenido vivo el objetivo de visibilizar de forma colectiva la cultura popular de las vecinas y vecinos del barrio del Pilar y mucho m\u00e1s. \u00a0\u00a1Y ah\u00ed seguimos!<\/p>\n\n\n\n<p class=\"has-medium-font-size\">Tambi\u00e9n, reivindicamos la transformaci\u00f3n del <strong>Teatro Madrid<\/strong>, cerrado durante catorce a\u00f1os, en un teatro abierto a los barrios del distrito, donde las expresiones art\u00edsticas de los grupos de teatro, m\u00fasica y baile pudieran disponer de espacios adecuados para ensayos y actuaciones. Hasta ahora no lo hemos conseguido, pero\u2026<\/p>\n\n\n\n<p class=\"has-medium-font-size\">Igualmente reclamamos un nuevo uso ciudadano para la antigua f\u00e1brica&nbsp;<strong>Clesa<\/strong>, muy diferente del que se le ha dado.&nbsp;<\/p>\n\n\n\n<p class=\"has-medium-font-size\">Durante a\u00f1os, trabajamos junto a ampas y profesorado del distrito para profundizar en la <strong>educaci\u00f3n comunitaria y permanente<\/strong>, para unir educaci\u00f3n y territorio. Abrimos reflexiones en torno al <strong>papel educador de la ciudad<\/strong> y elaboramos algunas publicaciones al respecto (<a href=\"http:\/\/www.avlaflor.org\/wp-content\/uploads\/2018\/08\/libro_laciudad_tambieneduca_dic09.pdf\"><strong>La ciudad tambi\u00e9n educa, 2009<\/strong><\/a>)<\/p>\n\n\n\n<p class=\"has-medium-font-size\">Nos sumamos a todas las reivindicaciones que buscan que los espacios p\u00fablicos sean co-gestionados por las vecinas y vecinos de los barrios, consiguiendo que el actualmente conocido <strong>Playa Gata<\/strong>, se cediese para ser autogestionado por las entidades sociales.&nbsp;&nbsp;<\/p>\n\n\n\n<p class=\"has-medium-font-size\">Adem\u00e1s de reivindicar que los centros educativos cerrados se abriesen, tambi\u00e9n, a las vecinas y vecinos de los barrios. En el 2018 conseguimos que uno de ellos se transformara en lo que hoy conocemos como <strong>Centro Comunitario Guatemala<\/strong>.&nbsp;<\/p>\n\n\n\n<p class=\"has-medium-font-size\">Y en los \u00faltimos a\u00f1os desarrollamos formaciones pr\u00e1cticas relacionadas con la comunicaci\u00f3n comunitaria<\/p>\n\n\n\n<ul class=\"wp-block-list\">\n<li class=\"has-medium-font-size\">.  <strong>Aprendiendo a contarnos<\/strong> (2020)<\/li>\n\n\n\n<li class=\"has-medium-font-size\">.  <strong>Historias que nos cuentan<\/strong> (2019)<\/li>\n<\/ul>\n\n\n\n<p class=\"has-medium-font-size\">Es en este contexto, cuando en el 2020 ponemos en marcha <strong><a href=\"http:\/\/ondavioleta.org\" data-type=\"URL\" data-id=\"ondavioleta.org\" target=\"_blank\" rel=\"noreferrer noopener\">Onda Violeta<\/a><\/strong>, la radio comunitaria que nos acompa\u00f1a a diario pero, sobre todo, los <strong>martes de 17 a 20 h<\/strong> desde el Centro Comunitario Guatemala.<\/p>\n","protected":false},"excerpt":{"rendered":"<p>La cultura, entendida como creencias, saberes, pautas de conducta, s\u00edmbolos, medios de comunicaci\u00f3n y de relaci\u00f3n entre las personas y &hellip; <a href=\"https:\/\/www.avlaflor.org\/?page_id=2439\" class=\"more-link\">M\u00e1s <span class=\"screen-reader-text\">Cultura<\/span> <span class=\"meta-nav\">&rarr;<\/span><\/a><\/p>\n","protected":false},"author":6,"featured_media":0,"parent":4049,"menu_order":0,"comment_status":"closed","ping_status":"closed","template":"","meta":{"jetpack_post_was_ever_published":false,"footnotes":""},"class_list":["post-2439","page","type-page","status-publish","hentry"],"jetpack_sharing_enabled":true,"_links":{"self":[{"href":"https:\/\/www.avlaflor.org\/index.php?rest_route=\/wp\/v2\/pages\/2439","targetHints":{"allow":["GET"]}}],"collection":[{"href":"https:\/\/www.avlaflor.org\/index.php?rest_route=\/wp\/v2\/pages"}],"about":[{"href":"https:\/\/www.avlaflor.org\/index.php?rest_route=\/wp\/v2\/types\/page"}],"author":[{"embeddable":true,"href":"https:\/\/www.avlaflor.org\/index.php?rest_route=\/wp\/v2\/users\/6"}],"replies":[{"embeddable":true,"href":"https:\/\/www.avlaflor.org\/index.php?rest_route=%2Fwp%2Fv2%2Fcomments&post=2439"}],"version-history":[{"count":14,"href":"https:\/\/www.avlaflor.org\/index.php?rest_route=\/wp\/v2\/pages\/2439\/revisions"}],"predecessor-version":[{"id":4422,"href":"https:\/\/www.avlaflor.org\/index.php?rest_route=\/wp\/v2\/pages\/2439\/revisions\/4422"}],"up":[{"embeddable":true,"href":"https:\/\/www.avlaflor.org\/index.php?rest_route=\/wp\/v2\/pages\/4049"}],"wp:attachment":[{"href":"https:\/\/www.avlaflor.org\/index.php?rest_route=%2Fwp%2Fv2%2Fmedia&parent=2439"}],"curies":[{"name":"wp","href":"https:\/\/api.w.org\/{rel}","templated":true}]}}

<p class="has-medium-font-size">La cultura, entendida como creencias, saberes, pautas de conducta, símbolos, medios de comunicación y de relación entre las personas y las comunidades es la&nbsp;<strong>expresión de las ideas dominantes de la sociedad que vivimos</strong>, en este caso, una sociedad patriarcal capitalista, antropocéntrica y etnocentrista, excluyente de las diversidades personales, sociales, culturales, raciales, étnicas y económicas.&nbsp;</p>



<p class="has-medium-font-size">Y esa expresión de ideas dominantes se manifiesta a través de múltiples instrumentos, unos más simbólicos y otros más estructurales, materiales, organizativos…</p>



<p class="has-medium-font-size">Como decimos en el libro <strong><a rel="noreferrer noopener" href="http://www.avlaflor.org/wp-content/uploads/2018/08/CuatroDécadasHaciendoBarrioEdicionFinal.pdf" target="_blank">40 años haciendo barrio</a></strong>, la cultura con mayúscula no existe, aunque eso sea lo que siempre nos han vendido y han intentado que asumiésemos. Tampoco existe eso que llaman <strong>nuestra cultura</strong>, cuando lo que se pretende es ponerla frente a las otras y, además, en lugar privilegiado.</p>



<p class="has-medium-font-size">Pero sí existen las <strong>guerras culturales</strong> animadas desde las altas instancias políticas, religiosas y mediáticas, cuando se utilizan las creatividades de grupos y personas como armas arrojadizas, con objetivos ajenos a la creación artística y con intención de <strong>infundir miedo y censura</strong>. </p>



<p class="has-medium-font-size">Y cuando mencionamos la palabra cultura, estamos hablando también de <strong>educación</strong>, esa que suele vivir encerrada en las paredes de los centros educativos (o enganchada a “la nube”), porque ésta, la educación, es elemento básico de refuerzo, vehículo estructural, de esa cultura dominante que nos guía, en general, y en particular en las historias que nos cuentan (o callan) en algunas materias curriculares.<br></p>



<p class="has-medium-font-size">Pero como <strong>en todas las comunidades existen múltiples culturas y manifestaciones culturales que escapan al poder instituido</strong>, es ahí donde cobra importancia la acción de las vecinas y vecinos de los barrios, de los distritos, de las ciudades, pueblos y aldeas…</p>



<p class="has-medium-font-size">Así, desde su inicio, La Flor participamos en la <strong>Plataforma por unas Fiestas Populares</strong>,  que durante todos estos años ha mantenido vivo el objetivo de visibilizar de forma colectiva la cultura popular de las vecinas y vecinos del barrio del Pilar y mucho más.  ¡Y ahí seguimos!</p>



<p class="has-medium-font-size">También, reivindicamos la transformación del <strong>Teatro Madrid</strong>, cerrado durante catorce años, en un teatro abierto a los barrios del distrito, donde las expresiones artísticas de los grupos de teatro, música y baile pudieran disponer de espacios adecuados para ensayos y actuaciones. Hasta ahora no lo hemos conseguido, pero…</p>



<p class="has-medium-font-size">Igualmente reclamamos un nuevo uso ciudadano para la antigua fábrica&nbsp;<strong>Clesa</strong>, muy diferente del que se le ha dado.&nbsp;</p>



<p class="has-medium-font-size">Durante años, trabajamos junto a ampas y profesorado del distrito para profundizar en la <strong>educación comunitaria y permanente</strong>, para unir educación y territorio. Abrimos reflexiones en torno al <strong>papel educador de la ciudad</strong> y elaboramos algunas publicaciones al respecto (<a href="http://www.avlaflor.org/wp-content/uploads/2018/08/libro_laciudad_tambieneduca_dic09.pdf"><strong>La ciudad también educa, 2009</strong></a>)</p>



<p class="has-medium-font-size">Nos sumamos a todas las reivindicaciones que buscan que los espacios públicos sean co-gestionados por las vecinas y vecinos de los barrios, consiguiendo que el actualmente conocido <strong>Playa Gata</strong>, se cediese para ser autogestionado por las entidades sociales.&nbsp;&nbsp;</p>



<p class="has-medium-font-size">Además de reivindicar que los centros educativos cerrados se abriesen, también, a las vecinas y vecinos de los barrios. En el 2018 conseguimos que uno de ellos se transformara en lo que hoy conocemos como <strong>Centro Comunitario Guatemala</strong>.&nbsp;</p>



<p class="has-medium-font-size">Y en los últimos años desarrollamos formaciones prácticas relacionadas con la comunicación comunitaria</p>



<ul class="wp-block-list">
<li class="has-medium-font-size">.  <strong>Aprendiendo a contarnos</strong> (2020)</li>



<li class="has-medium-font-size">.  <strong>Historias que nos cuentan</strong> (2019)</li>
</ul>



<p class="has-medium-font-size">Es en este contexto, cuando en el 2020 ponemos en marcha <strong><a href="http://ondavioleta.org" data-type="URL" data-id="ondavioleta.org" target="_blank" rel="noreferrer noopener">Onda Violeta</a></strong>, la radio comunitaria que nos acompaña a diario pero, sobre todo, los <strong>martes de 17 a 20 h</strong> desde el Centro Comunitario Guatemala.</p>

<p>La cultura, entendida como creencias, saberes, pautas de conducta, símbolos, medios de comunicación y de relación entre las personas y &hellip; <a href="https://www.avlaflor.org/?page_id=2439" class="more-link">Más <span class="screen-reader-text">Cultura</span> <span class="meta-nav">&rarr;</span></a></p>
