{"id":2441,"date":"2018-08-12T17:01:15","date_gmt":"2018-08-12T15:01:15","guid":{"rendered":"http:\/\/www.avlaflor.org\/?page_id=2441"},"modified":"2026-01-05T11:19:50","modified_gmt":"2026-01-05T10:19:50","slug":"derechos-sociales","status":"publish","type":"page","link":"https:\/\/www.avlaflor.org\/?page_id=2441","title":{"rendered":"Derechos Sociales"},"content":{"rendered":"\n<p class=\"has-medium-font-size\">Los derechos sociales nos hablan de los derechos\nhumanos b\u00e1sicos y de aquellos otros que necesitamos para desarrollarnos como\nparte de las comunidades que habitamos.<\/p>\n\n\n\n<p class=\"has-medium-font-size\">Hablamos del derecho de <strong>trasladarnos libremente<\/strong>, y a ser acogidas por la sociedad como un miembro m\u00e1s de la comunidad. Hablamos de <strong>disponer de las condiciones b\u00e1sicas para la vida,<\/strong> como la vivienda, la alimentaci\u00f3n, el agua potable y la energ\u00eda. Pero tambi\u00e9n hablamos de <strong>educaci\u00f3n<\/strong> y <strong>salud p\u00fablicas<\/strong>, de <strong>salarios y pensiones dignas<\/strong>, de <strong>trabajos decentes<\/strong>, de <strong>medio ambiente saludable<\/strong>\u2026<\/p>\n\n\n\n<p class=\"has-medium-font-size\">Hablar de derechos sociales es apoyar las mareas, la lucha por pensiones dignas, los sindicatos de inquilinas o las plataformas anti-desahucios&#8230;<strong> <\/strong>Es decir no a los c\u00edes y s\u00ed a la sanidad p\u00fablica y universal. Es <strong><a href=\"http:\/\/www.avlaflor.org\/wp-content\/uploads\/2023\/10\/InformePobrezaEAPN21vf.pdf\" target=\"_blank\" rel=\"noreferrer noopener\">denunciar la pobreza energ\u00e9tica, la desnutrici\u00f3n y la precariedad.<\/a><\/strong> Hablar de derechos sociales nos hace reconocer la situaci\u00f3n de mayor fragilidad de las mujeres en las desigualdades sociales, de las violencias de g\u00e9nero&#8230;<\/p>\n\n\n\n<p class=\"has-medium-font-size\">Pero tambi\u00e9n es <strong><a href=\"https:\/\/reas.red\/\" target=\"_blank\" rel=\"noreferrer noopener\">apoyar la econom\u00eda social, solidaria y sostenible,<\/a><\/strong> la ciudad inclusiva, la movilidad sostenible y accesible, el medio ambiente saludable, la cultura que nos despierta, la educaci\u00f3n que nos transforma&#8230;<\/p>\n\n\n\n<p class=\"has-medium-font-size\"><strong>Sin embargo, no todas las personas tenemos el mismo acceso a estos derechos.<\/strong> Existen muchas situaciones de riesgo, mucha precariedad a la hora de ejercerlos, de forma que <strong>las desigualdades se multiplican,<\/strong> en un contexto de dominio del mercado, que ha ido usurpando todos estos derechos a lo largo del tiempo, ayudado por el poder pol\u00edtico que controla y por <strong>los medios culturales y publicitarios que nos se\u00f1alan sus necesidades como si fueran las nuestras<\/strong>, <\/p>\n\n\n\n<p class=\"has-medium-font-size\">Y cuando, adem\u00e1s, nos vemos en una situaci\u00f3n de pandemia como la vivida hace pocos a\u00f1os (que podemos volver a experimentar si no tomamos medidas m\u00e1s dr\u00e1sticas), nos hacemos m\u00e1s conscientes de que <strong>estas crisis no nos afectan a todas por igual, incidiendo m\u00e1s, precisamente, en quienes tienen m\u00e1s precariedad y pobreza<\/strong>. <\/p>\n\n\n\n<p class=\"has-medium-font-size\">En este marco, la Asociaci\u00f3n Vecinal la Flor creamos a comienzos de esta d\u00e9cada una <strong><a rel=\"noreferrer noopener\" href=\"https:\/\/www.avlaflor.org\/?page_id=3561\" data-type=\"page\" data-id=\"3561\" target=\"_blank\">Oficina de Derechos Sociales<\/a><\/strong> en el distrito que, junto a otras entidades, colectivos y personas, tiene como objetivo <strong>avanzar en el apoyo mutuo comunitario en nuestros barrios<\/strong>.<\/p>\n\n\n\n<p class=\"has-medium-font-size\">En este marco, hemos realizado numerosas asesor\u00edas relacionadas con el IMV, la vivienda, las becas de comedor, acompa\u00f1amientos en temas de empadronamiento, acceso a la sanidad de personas migrantes, talleres sobre violencia machista, asesor\u00eda energ\u00e9tica, etc\u2026<\/p>\n\n\n\n<p class=\"has-medium-font-size\">Pero podemos hacer m\u00e1s, porque todas disponemos de saberes y capacidades para aportar, colaborar y desarrollar ese apoyo mutuo.&nbsp;<\/p>\n\n\n\n<p class=\"has-medium-font-size\">Porque no se trata de caridad ni de solidaridad emocional. Se trata de avanzar hacia las transformaciones sociales que necesitamos, y eso no lo podemos hacer individualmente, sino de forma colectiva y organizada.<\/p>\n","protected":false},"excerpt":{"rendered":"<p>Los derechos sociales nos hablan de los derechos humanos b\u00e1sicos y de aquellos otros que necesitamos para desarrollarnos como parte &hellip; <a href=\"https:\/\/www.avlaflor.org\/?page_id=2441\" class=\"more-link\">M\u00e1s <span class=\"screen-reader-text\">Derechos Sociales<\/span> <span class=\"meta-nav\">&rarr;<\/span><\/a><\/p>\n","protected":false},"author":6,"featured_media":3705,"parent":4049,"menu_order":0,"comment_status":"closed","ping_status":"closed","template":"","meta":{"jetpack_post_was_ever_published":false,"footnotes":""},"class_list":["post-2441","page","type-page","status-publish","has-post-thumbnail","hentry"],"jetpack_sharing_enabled":true,"_links":{"self":[{"href":"https:\/\/www.avlaflor.org\/index.php?rest_route=\/wp\/v2\/pages\/2441","targetHints":{"allow":["GET"]}}],"collection":[{"href":"https:\/\/www.avlaflor.org\/index.php?rest_route=\/wp\/v2\/pages"}],"about":[{"href":"https:\/\/www.avlaflor.org\/index.php?rest_route=\/wp\/v2\/types\/page"}],"author":[{"embeddable":true,"href":"https:\/\/www.avlaflor.org\/index.php?rest_route=\/wp\/v2\/users\/6"}],"replies":[{"embeddable":true,"href":"https:\/\/www.avlaflor.org\/index.php?rest_route=%2Fwp%2Fv2%2Fcomments&post=2441"}],"version-history":[{"count":17,"href":"https:\/\/www.avlaflor.org\/index.php?rest_route=\/wp\/v2\/pages\/2441\/revisions"}],"predecessor-version":[{"id":4415,"href":"https:\/\/www.avlaflor.org\/index.php?rest_route=\/wp\/v2\/pages\/2441\/revisions\/4415"}],"up":[{"embeddable":true,"href":"https:\/\/www.avlaflor.org\/index.php?rest_route=\/wp\/v2\/pages\/4049"}],"wp:featuredmedia":[{"embeddable":true,"href":"https:\/\/www.avlaflor.org\/index.php?rest_route=\/wp\/v2\/media\/3705"}],"wp:attachment":[{"href":"https:\/\/www.avlaflor.org\/index.php?rest_route=%2Fwp%2Fv2%2Fmedia&parent=2441"}],"curies":[{"name":"wp","href":"https:\/\/api.w.org\/{rel}","templated":true}]}}