{"id":329,"date":"2012-05-14T11:41:15","date_gmt":"2012-05-14T09:41:15","guid":{"rendered":"http:\/\/www.avlaflor.org\/?page_id=329"},"modified":"2026-01-15T18:21:50","modified_gmt":"2026-01-15T17:21:50","slug":"denuncias","status":"publish","type":"page","link":"https:\/\/www.avlaflor.org\/?page_id=329","title":{"rendered":"Publicaciones"},"content":{"rendered":"\n<h2 class=\"wp-block-heading has-vivid-red-color has-text-color\">Libros editados<\/h2>\n\n\n\n<p class=\"has-medium-font-size\"><strong><a href=\"http:\/\/www.avlaflor.org\/wp-content\/uploads\/2026\/01\/Hacia-un-Urbanismo-Inclusivo-AVLaflor2024.pdf\" target=\"_blank\" rel=\"noreferrer noopener\">Urbanismo inclusivo<\/a> (2024)<\/strong><\/p>\n\n\n\n<p class=\"has-medium-font-size\"><strong><a rel=\"noreferrer noopener\" aria-label=\"40 a\u00f1os haciendo barrio (opens in a new tab)\" href=\"http:\/\/www.avlaflor.org\/wp-content\/uploads\/2018\/08\/CuatroD\u00e9cadasHaciendoBarrioEdicionFinal.pdf\" target=\"_blank\">40 a\u00f1os haciendo barrio<\/a> (2017)<\/strong><\/p>\n\n\n\n<p class=\"has-medium-font-size\"><strong><a href=\"http:\/\/www.avlaflor.org\/wp-content\/uploads\/2018\/08\/guia2011vd.pdf\" target=\"_blank\" rel=\"noreferrer noopener\" aria-label=\"Gu\u00eda para la participaci\u00f3n 2011 (opens in a new tab)\">Gu\u00eda para la participaci\u00f3n 2011<\/a><\/strong><\/p>\n\n\n\n<p class=\"has-medium-font-size\"><strong><a href=\"http:\/\/www.avlaflor.org\/wp-content\/uploads\/2018\/08\/libro_laciudad_tambieneduca_dic09.pdf\" target=\"_blank\" rel=\"noreferrer noopener\" aria-label=\"La ciudad tambi\u00e9n educa 2009 (opens in a new tab)\">La ciudad tambi\u00e9n educa 2009<\/a><\/strong><\/p>\n\n\n\n<p class=\"has-medium-font-size\"><strong><a href=\"http:\/\/www.avlaflor.org\/wp-content\/uploads\/2018\/08\/guia08.pdf\" target=\"_blank\" rel=\"noreferrer noopener\" aria-label=\"Gu\u00eda para la participaci\u00f3n 2008 (opens in a new tab)\">Gu\u00eda para la participaci\u00f3n 2008<\/a><\/strong><\/p>\n\n\n\n<h2 class=\"wp-block-heading has-vivid-red-color has-text-color\"><strong>Textos y Documentos <\/strong> Propios<\/h2>\n\n\n\n<p class=\"has-medium-font-size\"><strong><a rel=\"noreferrer noopener\" aria-label=\"Materiales y recursos para la formaci\u00f3n en participaci\u00f3n de la ciudadan\u00eda (2019) (opens in a new tab)\" href=\"http:\/\/www.avlaflor.org\/?page_id=3294\" target=\"_blank\">Materiales para la formaci\u00f3n en participaci\u00f3n de la ciudadan\u00eda (2019)<\/a><\/strong><\/p>\n\n\n\n<p class=\"has-medium-font-size\"><strong><a rel=\"noreferrer noopener\" aria-label=\" Intervenci\u00f3n de la asociaci\u00f3n en el debate del distrito 2013 (opens in a new tab)\" href=\"http:\/\/www.avlaflor.org\/wp-content\/uploads\/2015\/02\/13intervencionAvlaFlor_debateDistrito_27junio.pdf\" target=\"_blank\"> Intervenci\u00f3n de la asociaci\u00f3n en el debate del distrito 2013<\/a><\/strong> <\/p>\n\n\n\n<p class=\"has-medium-font-size\"> <strong><a rel=\"noreferrer noopener\" href=\"http:\/\/www.avlaflor.org\/wp-content\/uploads\/2015\/02\/12intervencionAvlaFlor_dabteDistrito25junio.pdf\" target=\"_blank\">Intervenci\u00f3n de la asociaci\u00f3n en el debate del distrito 2012<\/a><\/strong><\/p>\n\n\n\n<p class=\"has-medium-font-size\"><a href=\"http:\/\/www.avlaflor.org\/wp-content\/uploads\/2020\/12\/informeCTavlaflorEnero2010.pdf\" target=\"_blank\" rel=\"noreferrer noopener\"><strong>Informe de la asociaci\u00f3n sobre el Consejo Territorial 2010<\/strong><\/a><\/p>\n\n\n\n<p class=\"has-medium-font-size\"> <strong><a href=\"http:\/\/www.avlaflor.org\/wp-content\/uploads\/2015\/02\/09intervencionAvlaFlor_debateDistrito_junio.pdf\" target=\"_blank\" rel=\"noreferrer noopener\">Intervenci\u00f3n de la asociaci\u00f3n en el debate del distrito 2009<\/a><\/strong><\/p>\n\n\n\n<p class=\"has-medium-font-size\"><strong><a href=\"http:\/\/www.avlaflor.org\/wp-content\/uploads\/2015\/02\/06intervenci\u00f3nAvlaFlor_debateDistrito22junio.pdf\" target=\"_blank\" rel=\"noreferrer noopener\"> Intervenci\u00f3n de la asociaci\u00f3n en el debate del distrito 2006<\/a><\/strong><\/p>\n\n\n\n<p class=\"has-medium-font-size\"><strong><a rel=\"noreferrer noopener\" href=\"http:\/\/www.avlaflor.org\/wp-content\/uploads\/2015\/02\/05intervencionAvlaFlor_debateDistrito23junio.pdf\" target=\"_blank\">Intervenci\u00f3n de la asociaci\u00f3n en el debate del distrito 2005<\/a><\/strong><\/p>\n\n\n\n<h2 class=\"wp-block-heading has-vivid-red-color has-text-color\">Intervenciones en el \u00e1mbito institucional<\/h2>\n\n\n\n<p class=\"has-medium-font-size\"><strong><a rel=\"noreferrer noopener\" href=\"http:\/\/www.avlaflor.org\/wp-content\/uploads\/2015\/02\/08intervencionPortavozCt_debateDistrito_24junio2008.pdf\" target=\"_blank\">Intervenci\u00f3n de la portavoc\u00eda del Consejo Territorial en el debate del distrito 2008<\/a><\/strong><\/p>\n\n\n\n<p class=\"has-medium-font-size\"><\/p>\n\n\n\n<h2 class=\"wp-block-heading has-vivid-red-color has-text-color\">Documentos y Art\u00edculos<\/h2>\n\n\n\n<p class=\"has-medium-font-size\"><strong><a rel=\"noreferrer noopener\" aria-label=\"Las asociaciones vecinales como escuelas de ciudadan\u00eda (opens in a new tab)\" href=\"http:\/\/www.avlaflor.org\/wp-content\/uploads\/2015\/08\/10_las_asociaciones_vecinales_como_escuelas_de_ciudadania_cespinar.pdf\" target=\"_blank\">Las asociaciones vecinales como escuelas de ciudadan\u00eda<\/a><\/strong>. Carmen Espinar (2010)<\/p>\n\n\n\n<p class=\"has-medium-font-size\"><strong><a rel=\"noreferrer noopener\" href=\"https:\/\/elperiplo.es\/no-mas-miedo-no-mas-confusion\/\" target=\"_blank\">No m\u00e1s miedo, no m\u00e1s confusi\u00f3n.<\/a><\/strong> Luis Fdez Pineda (2020)<\/p>\n","protected":false},"excerpt":{"rendered":"<p>Libros editados Urbanismo inclusivo (2024) 40 a\u00f1os haciendo barrio (2017) Gu\u00eda para la participaci\u00f3n 2011 La ciudad tambi\u00e9n educa 2009 &hellip; <a href=\"https:\/\/www.avlaflor.org\/?page_id=329\" class=\"more-link\">M\u00e1s <span class=\"screen-reader-text\">Publicaciones<\/span> <span class=\"meta-nav\">&rarr;<\/span><\/a><\/p>\n","protected":false},"author":6,"featured_media":0,"parent":0,"menu_order":7,"comment_status":"closed","ping_status":"open","template":"","meta":{"jetpack_post_was_ever_published":false,"footnotes":""},"class_list":["post-329","page","type-page","status-publish","hentry"],"jetpack_sharing_enabled":true,"_links":{"self":[{"href":"https:\/\/www.avlaflor.org\/index.php?rest_route=\/wp\/v2\/pages\/329","targetHints":{"allow":["GET"]}}],"collection":[{"href":"https:\/\/www.avlaflor.org\/index.php?rest_route=\/wp\/v2\/pages"}],"about":[{"href":"https:\/\/www.avlaflor.org\/index.php?rest_route=\/wp\/v2\/types\/page"}],"author":[{"embeddable":true,"href":"https:\/\/www.avlaflor.org\/index.php?rest_route=\/wp\/v2\/users\/6"}],"replies":[{"embeddable":true,"href":"https:\/\/www.avlaflor.org\/index.php?rest_route=%2Fwp%2Fv2%2Fcomments&post=329"}],"version-history":[{"count":27,"href":"https:\/\/www.avlaflor.org\/index.php?rest_route=\/wp\/v2\/pages\/329\/revisions"}],"predecessor-version":[{"id":4425,"href":"https:\/\/www.avlaflor.org\/index.php?rest_route=\/wp\/v2\/pages\/329\/revisions\/4425"}],"wp:attachment":[{"href":"https:\/\/www.avlaflor.org\/index.php?rest_route=%2Fwp%2Fv2%2Fmedia&parent=329"}],"curies":[{"name":"wp","href":"https:\/\/api.w.org\/{rel}","templated":true}]}}