{"id":3547,"date":"2020-12-07T12:53:41","date_gmt":"2020-12-07T11:53:41","guid":{"rendered":"http:\/\/www.avlaflor.org\/?page_id=3547"},"modified":"2021-03-08T13:09:09","modified_gmt":"2021-03-08T12:09:09","slug":"aprendiendo-a-contarnos","status":"publish","type":"page","link":"https:\/\/www.avlaflor.org\/?page_id=3547","title":{"rendered":"Aprendiendo a contarnos"},"content":{"rendered":"\n<h2 class=\"wp-block-heading\">Un proyecto de comunicaci\u00f3n comunitaria<\/h2>\n\n\n\n<p class=\"has-medium-font-size\">La comunicaci\u00f3n en todas sus facetas es, hoy d\u00eda, elemento fundamental en el \u00e1mbito de la participaci\u00f3n de la ciudadan\u00eda. Las asociaciones vecinales, en general, llevamos arrastrando un d\u00e9ficit en este campo desde hace tiempo y en la av la flor hemos decidido dar un paso importante para avanzar en diferentes aspectos relacionados con una mejor comunicaci\u00f3n con las vecinas y vecinos en diferentes formatos, m\u00e1s all\u00e1, aunque tambi\u00e9n lo sigamos contemplando, del cl\u00e1sico bolet\u00edn informativo en papel. Y, adem\u00e1s, hacerlo de forma m\u00e1s participativa.<\/p>\n\n\n\n<p class=\"has-medium-font-size\">El trabajo vecinal y comunitario requiere que la comunicaci\u00f3n fluya en todos los sentidos y que sea capaz de llegar a los diferentes perfiles vecinales, ya sea en relaci\u00f3n a la intergeneracionalidad, en relaci\u00f3n a las diversidades funcionales o al \u00e1mbito sociocultural y econ\u00f3mico de cada cual.<\/p>\n\n\n\n<p class=\"has-medium-font-size\">El proyecto pretende dar herramientas de comunicaci\u00f3n a las personas que la componen y a las que participan de forma regular en las actividades de la entidad, de forma que la capacidad de transmisi\u00f3n y recepci\u00f3n de la informaci\u00f3n deje de estar en pocas personas y podamos hablar de comunicaci\u00f3n participativa.<\/p>\n\n\n\n<p class=\"has-medium-font-size\">El objetivo es conocer los fundamentos de la comunicaci\u00f3n social y comunitaria, la elaboraci\u00f3n de planes de comunicaci\u00f3n, y la adquisici\u00f3n de competencias comunicativas.<br>\u2022 optimizar el conocimiento de herramientas internas digitales de trabajo y comunicaci\u00f3n el conocimiento y funcionamiento de las distintas redes sociales existentes<br>\u2022 el manejo de herramientas blog y web<br>\u2022 el funcionamiento b\u00e1sico de una radio comunitaria y su puesta en marcha.<\/p>\n\n\n\n<p class=\"has-medium-font-size\">Para ello, a principios del mes de mayo de este a\u00f1o, pusimos en marcha el grupo motor del proyecto, pues aunque la situaci\u00f3n provocada por la covid19 no nos permit\u00eda el contacto presencial, aprovechamos la situaci\u00f3n para introducirnos en las artes de las reuniones virtuales.<\/p>\n\n\n\n<p class=\"has-medium-font-size\">A lo largo de los meses de mayo a diciembre, con el descanso del mes de agosto,  hemos realizado un total de <strong>18 sesiones distribuidas en tres m\u00f3dulos<\/strong>, en las que hemos abordado de forma muy pr\u00e1ctica todo el programa previsto:<\/p>\n\n\n\n<div class=\"wp-block-group\"><div class=\"wp-block-group__inner-container is-layout-flow wp-block-group-is-layout-flow\">\n<ul class=\"wp-block-list\"><li><span class=\"has-inline-color has-very-dark-gray-color\">Comunidades de aprendizaje<\/span><\/li><li><span class=\"has-inline-color has-very-dark-gray-color\">Las redes sociales<\/span><\/li><li><span class=\"has-inline-color has-very-dark-gray-color\">La comunicaci\u00f3n interna en las asociaciones<\/span><\/li><li><span class=\"has-inline-color has-very-dark-gray-color\">El mundo de las paginas web<\/span><\/li><li><span class=\"has-inline-color has-very-dark-gray-color\">Creaci\u00f3n gr\u00e1fica con herramientas online<\/span><\/li><li><span class=\"has-inline-color has-very-dark-gray-color\">Redacci\u00f3n y documentaci\u00f3n para elaboraci\u00f3n de contenidos<\/span><\/li><li><span class=\"has-inline-color has-very-dark-gray-color\">El sonido. La radio comunitaria<\/span><\/li><li><span class=\"has-inline-color has-very-dark-gray-color\">El mundo de youtube<\/span><\/li><li>El plan de comunicaci\u00f3n<\/li><\/ul>\n<\/div><\/div>\n\n\n\n<p class=\"has-medium-font-size\">Adem\u00e1s, hemos elaborado <strong>6 boletines tem\u00e1ticos,<\/strong> como parte de las pr\u00e1cticas, que pod\u00e9is leer o descargar aqu\u00ed:<\/p>\n\n\n\n<p class=\"has-medium-font-size\"><a href=\"http:\/\/www.avlaflor.org\/wp-content\/uploads\/2020\/12\/BoletinApoyoMutuoComunitario.pdf\" target=\"_blank\" rel=\"noreferrer noopener\"><strong>Apoyo Mutuo Comunitario<\/strong><\/a><\/p>\n\n\n\n<p class=\"has-medium-font-size\"><strong><a rel=\"noreferrer noopener\" href=\"http:\/\/www.avlaflor.org\/wp-content\/uploads\/2020\/12\/BoletinCultura.pdf\" target=\"_blank\">Cultura<\/a><\/strong><\/p>\n\n\n\n<p class=\"has-medium-font-size\"><strong><a href=\"http:\/\/www.avlaflor.org\/wp-content\/uploads\/2020\/12\/BoletinDDSS.pdf\" target=\"_blank\" rel=\"noreferrer noopener\">Derechos Sociales<\/a><\/strong><\/p>\n\n\n\n<p class=\"has-medium-font-size\"><strong><a href=\"http:\/\/www.avlaflor.org\/wp-content\/uploads\/2021\/03\/BoletinEducacion1.pdf\" target=\"_blank\" rel=\"noreferrer noopener\">Educaci\u00f3n 1<\/a><\/strong><\/p>\n\n\n\n<p class=\"has-medium-font-size\"><strong><a href=\"http:\/\/www.avlaflor.org\/wp-content\/uploads\/2021\/03\/BoletinEducacion2.pdf\" target=\"_blank\" rel=\"noreferrer noopener\">Educaci\u00f3n 2<\/a><\/strong><\/p>\n\n\n\n<p class=\"has-medium-font-size\"><strong><a href=\"http:\/\/www.avlaflor.org\/wp-content\/uploads\/2021\/03\/BoletinEducacion3.pdf\" target=\"_blank\" rel=\"noreferrer noopener\">Educaci\u00f3n 3<\/a><\/strong><\/p>\n","protected":false},"excerpt":{"rendered":"<p>Un proyecto de comunicaci\u00f3n comunitaria La comunicaci\u00f3n en todas sus facetas es, hoy d\u00eda, elemento fundamental en el \u00e1mbito de &hellip; <a href=\"https:\/\/www.avlaflor.org\/?page_id=3547\" class=\"more-link\">M\u00e1s <span class=\"screen-reader-text\">Aprendiendo a contarnos<\/span> <span class=\"meta-nav\">&rarr;<\/span><\/a><\/p>\n","protected":false},"author":1,"featured_media":3548,"parent":2439,"menu_order":0,"comment_status":"closed","ping_status":"closed","template":"","meta":{"jetpack_post_was_ever_published":false,"footnotes":""},"class_list":["post-3547","page","type-page","status-publish","has-post-thumbnail","hentry"],"jetpack_sharing_enabled":true,"_links":{"self":[{"href":"https:\/\/www.avlaflor.org\/index.php?rest_route=\/wp\/v2\/pages\/3547","targetHints":{"allow":["GET"]}}],"collection":[{"href":"https:\/\/www.avlaflor.org\/index.php?rest_route=\/wp\/v2\/pages"}],"about":[{"href":"https:\/\/www.avlaflor.org\/index.php?rest_route=\/wp\/v2\/types\/page"}],"author":[{"embeddable":true,"href":"https:\/\/www.avlaflor.org\/index.php?rest_route=\/wp\/v2\/users\/1"}],"replies":[{"embeddable":true,"href":"https:\/\/www.avlaflor.org\/index.php?rest_route=%2Fwp%2Fv2%2Fcomments&post=3547"}],"version-history":[{"count":6,"href":"https:\/\/www.avlaflor.org\/index.php?rest_route=\/wp\/v2\/pages\/3547\/revisions"}],"predecessor-version":[{"id":3757,"href":"https:\/\/www.avlaflor.org\/index.php?rest_route=\/wp\/v2\/pages\/3547\/revisions\/3757"}],"up":[{"embeddable":true,"href":"https:\/\/www.avlaflor.org\/index.php?rest_route=\/wp\/v2\/pages\/2439"}],"wp:featuredmedia":[{"embeddable":true,"href":"https:\/\/www.avlaflor.org\/index.php?rest_route=\/wp\/v2\/media\/3548"}],"wp:attachment":[{"href":"https:\/\/www.avlaflor.org\/index.php?rest_route=%2Fwp%2Fv2%2Fmedia&parent=3547"}],"curies":[{"name":"wp","href":"https:\/\/api.w.org\/{rel}","templated":true}]}}