{"id":3704,"date":"2021-01-30T11:51:57","date_gmt":"2021-01-30T10:51:57","guid":{"rendered":"http:\/\/www.avlaflor.org\/?page_id=3704"},"modified":"2023-10-02T10:06:17","modified_gmt":"2023-10-02T08:06:17","slug":"oficina-de-derechos-sociales-2","status":"publish","type":"page","link":"https:\/\/www.avlaflor.org\/?page_id=3704","title":{"rendered":"Oficina de Derechos Sociales"},"content":{"rendered":"\n<p class=\"has-black-color has-text-color has-medium-font-size\">La Oficina de Derechos Sociales y Apoyo Mutuo Comunitario surge a <strong><a href=\"https:\/\/www.avlaflor.org\/?page_id=3561\" target=\"_blank\" rel=\"noreferrer noopener\">finales del a\u00f1o 2020<\/a><\/strong> como continuaci\u00f3n de la Red de Apoyo Mutuo Comunitario, creada en el mes de marzo. <\/p>\n\n\n\n<p class=\"has-black-color has-text-color has-medium-font-size\">El trabajo realizado desde la Red a lo largo de los primeros meses,  nos llev\u00f3 a la necesidad de ampliar el marco de actuaciones, as\u00ed como la estructura  y funcionamiento, dando lugar a la ODS, en la que participan  diferentes colectivos y personas que  quieren ofrecer su colaboraci\u00f3n a la comunidad.<\/p>\n\n\n\n<p class=\"has-black-color has-text-color has-medium-font-size\">Se encuentra ubicada f\u00edsicamente en el espacio vecinal autogestionado del Centro Comunitario Guatemala, en la calle Celanova 2, y  cuenta con diversos equipos de asesor\u00edas tem\u00e1ticas que atienden online y presencialmente (con cita previa), de lunes a viernes en horario de 9 a 14 horas y de 17 a 20 horas.<\/p>\n\n\n\n<p class=\"has-black-color has-text-color has-medium-font-size\">La ODS mantiene estrechas relaciones con los <strong>Servicios Sociales<\/strong> de la Junta de distrito, as\u00ed como con la <strong><a rel=\"noreferrer noopener\" href=\"https:\/\/oficinamunicipalinmigracion.es\/oficina-norte\/?utm_source=brevo&amp;utm_campaign=Oficinas%20Municipales%20N%20106%20Programacin%20de%20octubre%202023%20_copy&amp;utm_medium=email\" target=\"_blank\">Oficina Municipal de Informaci\u00f3n, Orientaci\u00f3n y Acompa\u00f1amiento para la integraci\u00f3n social de la poblaci\u00f3n migrante <\/a><\/strong>de la zona norte.<\/p>\n","protected":false},"excerpt":{"rendered":"<p>La Oficina de Derechos Sociales y Apoyo Mutuo Comunitario surge a finales del a\u00f1o 2020 como continuaci\u00f3n de la Red &hellip; <a href=\"https:\/\/www.avlaflor.org\/?page_id=3704\" class=\"more-link\">M\u00e1s <span class=\"screen-reader-text\">Oficina de Derechos Sociales<\/span> <span class=\"meta-nav\">&rarr;<\/span><\/a><\/p>\n","protected":false},"author":6,"featured_media":3705,"parent":0,"menu_order":0,"comment_status":"closed","ping_status":"closed","template":"","meta":{"jetpack_post_was_ever_published":false,"footnotes":""},"class_list":["post-3704","page","type-page","status-publish","has-post-thumbnail","hentry"],"jetpack_sharing_enabled":true,"_links":{"self":[{"href":"https:\/\/www.avlaflor.org\/index.php?rest_route=\/wp\/v2\/pages\/3704","targetHints":{"allow":["GET"]}}],"collection":[{"href":"https:\/\/www.avlaflor.org\/index.php?rest_route=\/wp\/v2\/pages"}],"about":[{"href":"https:\/\/www.avlaflor.org\/index.php?rest_route=\/wp\/v2\/types\/page"}],"author":[{"embeddable":true,"href":"https:\/\/www.avlaflor.org\/index.php?rest_route=\/wp\/v2\/users\/6"}],"replies":[{"embeddable":true,"href":"https:\/\/www.avlaflor.org\/index.php?rest_route=%2Fwp%2Fv2%2Fcomments&post=3704"}],"version-history":[{"count":5,"href":"https:\/\/www.avlaflor.org\/index.php?rest_route=\/wp\/v2\/pages\/3704\/revisions"}],"predecessor-version":[{"id":4213,"href":"https:\/\/www.avlaflor.org\/index.php?rest_route=\/wp\/v2\/pages\/3704\/revisions\/4213"}],"wp:featuredmedia":[{"embeddable":true,"href":"https:\/\/www.avlaflor.org\/index.php?rest_route=\/wp\/v2\/media\/3705"}],"wp:attachment":[{"href":"https:\/\/www.avlaflor.org\/index.php?rest_route=%2Fwp%2Fv2%2Fmedia&parent=3704"}],"curies":[{"name":"wp","href":"https:\/\/api.w.org\/{rel}","templated":true}]}}

<p class="has-black-color has-text-color has-medium-font-size">La Oficina de Derechos Sociales y Apoyo Mutuo Comunitario surge a <strong><a href="https://www.avlaflor.org/?page_id=3561" target="_blank" rel="noreferrer noopener">finales del año 2020</a></strong> como continuación de la Red de Apoyo Mutuo Comunitario, creada en el mes de marzo. </p>



<p class="has-black-color has-text-color has-medium-font-size">El trabajo realizado desde la Red a lo largo de los primeros meses,  nos llevó a la necesidad de ampliar el marco de actuaciones, así como la estructura  y funcionamiento, dando lugar a la ODS, en la que participan  diferentes colectivos y personas que  quieren ofrecer su colaboración a la comunidad.</p>



<p class="has-black-color has-text-color has-medium-font-size">Se encuentra ubicada físicamente en el espacio vecinal autogestionado del Centro Comunitario Guatemala, en la calle Celanova 2, y  cuenta con diversos equipos de asesorías temáticas que atienden online y presencialmente (con cita previa), de lunes a viernes en horario de 9 a 14 horas y de 17 a 20 horas.</p>



<p class="has-black-color has-text-color has-medium-font-size">La ODS mantiene estrechas relaciones con los <strong>Servicios Sociales</strong> de la Junta de distrito, así como con la <strong><a rel="noreferrer noopener" href="https://oficinamunicipalinmigracion.es/oficina-norte/?utm_source=brevo&amp;utm_campaign=Oficinas%20Municipales%20N%20106%20Programacin%20de%20octubre%202023%20_copy&amp;utm_medium=email" target="_blank">Oficina Municipal de Información, Orientación y Acompañamiento para la integración social de la población migrante </a></strong>de la zona norte.</p>

<p>La Oficina de Derechos Sociales y Apoyo Mutuo Comunitario surge a finales del año 2020 como continuación de la Red &hellip; <a href="https://www.avlaflor.org/?page_id=3704" class="more-link">Más <span class="screen-reader-text">Oficina de Derechos Sociales</span> <span class="meta-nav">&rarr;</span></a></p>
