{"id":3973,"date":"2020-12-23T13:02:00","date_gmt":"2020-12-23T12:02:00","guid":{"rendered":"http:\/\/www.avlaflor.org\/?page_id=3973"},"modified":"2022-01-01T13:20:12","modified_gmt":"2022-01-01T12:20:12","slug":"politica-de-privacidad","status":"publish","type":"page","link":"https:\/\/www.avlaflor.org\/?page_id=3973","title":{"rendered":"Pol\u00edtica de privacidad"},"content":{"rendered":"\n<p class=\"has-medium-font-size\">Asociaci\u00f3n Vecinal La Flor te informa sobre su Pol\u00edtica de Privacidad respecto del tratamiento y protecci\u00f3n de los datos de car\u00e1cter personal de las personas  usuarias que puedan ser recabados durante la navegaci\u00f3n a trav\u00e9s del sitio Web\u00a0<a href=\"https:\/\/www.avlaflor.org\/?page_id=3390\">http:\/\/www.avlaflor.org<\/a>.<\/p>\n\n\n\n<p class=\"has-medium-font-size\">En este sentido, Asociaci\u00f3n Vecinal La Flor cumple con el Reglamento (UE) 2016\/679 del Parlamento Europeo y del Consejo de 27 de abril de 2016 relativo a la protecci\u00f3n de las personas f\u00edsicas (RGPD).<\/p>\n\n\n\n<p class=\"has-medium-font-size\">El uso de sitio Web implica la aceptaci\u00f3n de esta Pol\u00edtica de Privacidad as\u00ed como las condiciones incluidas en la Pol\u00edtica Legal.<\/p>\n\n\n\n<h2 class=\"wp-block-heading\"><strong>Identidad responsable<\/strong><\/h2>\n\n\n\n<ul class=\"wp-block-list\"><li><strong>Titular:<\/strong>&nbsp;Asociaci\u00f3n Vecinal La Flor.<\/li><li><strong>NIF:<\/strong>&nbsp;G79509360<\/li><li><strong>Domicilio:<\/strong>&nbsp;Plaza Corcubi\u00f3n 16, Madrid &#8211; Espa\u00f1a.<\/li><li><strong>Correo electr\u00f3nico:<\/strong>&nbsp;avlaflor@avlaflor.org<\/li><li><strong>Sitio Web:<\/strong>&nbsp;<a href=\"https:\/\/www.avlaflor.org\/?page_id=3390\">http:\/\/www.avlaflor.org<\/a><\/li><\/ul>\n\n\n\n<h2 class=\"wp-block-heading\"><strong>Principios aplicados en el tratamiento de datos<\/strong><\/h2>\n\n\n\n<p class=\"has-medium-font-size\">En el tratamiento de tus datos personales, el Titular aplicar\u00e1 los siguientes principios que se ajustan a las exigencias del nuevo reglamento europeo de protecci\u00f3n de datos (RGPD):<\/p>\n\n\n\n<ul class=\"wp-block-list\"><li><strong>Principio de licitud, lealtad y transparencia:<\/strong>\u00a0La entidad Titular siempre requerir\u00e1 el consentimiento para el tratamiento de los datos personales que puede ser para uno o varios fines espec\u00edficos, sobre los que  informar\u00e1 a la persona Usuaria previamente con absoluta transparencia.<\/li><li><strong>Principio de minimizaci\u00f3n de datos:<\/strong>\u00a0La entidad Titular solicitar\u00e1 solo los datos estrictamente necesarios para el fin o los fines que los solicita.<\/li><li><strong>Principio de limitaci\u00f3n del plazo de conservaci\u00f3n:<\/strong>\u00a0La entidad Titular mantendr\u00e1 los datos personales recabados durante el tiempo estrictamente necesario para el fin o los fines del tratamiento. La entidad Titular informar\u00e1 a la persona Usuaria del plazo de conservaci\u00f3n correspondiente\u00a0seg\u00fan la finalidad.<br>En el caso de suscripciones, la entidad Titular revisar\u00e1 peri\u00f3dicamente las listas y eliminar\u00e1 aquellos registros inactivos durante un tiempo considerable.<\/li><li><strong>Principio de integridad y confidencialidad:<\/strong>\u00a0Los datos personales recabados ser\u00e1n tratados de tal manera que su seguridad, confidencialidad e integridad est\u00e9 garantizada.<br>La entidad Titular toma las precauciones necesarias para evitar el acceso no autorizado o uso indebido de los datos de sus usuarias por parte de terceros.<\/li><\/ul>\n\n\n\n<h2 class=\"wp-block-heading\"><strong>Obtenci\u00f3n de datos personales<\/strong><\/h2>\n\n\n\n<p class=\"has-medium-font-size\">Para navegar por&nbsp;<a href=\"https:\/\/www.avlaflor.org\/?page_id=3390\">http:\/\/www.avlaflor.org<\/a>&nbsp;no es necesario que facilites ning\u00fan dato personal.<\/p>\n\n\n\n<h2 class=\"wp-block-heading\"><strong>Derechos<\/strong><\/h2>\n\n\n\n<p class=\"has-medium-font-size\">La entidad Titular te informa que sobre tus datos personales tienes derecho a:<\/p>\n\n\n\n<ul class=\"wp-block-list\"><li>Solicitar el acceso a los datos almacenados.<\/li><li>Solicitar una rectificaci\u00f3n o la cancelaci\u00f3n.<\/li><li>Solicitar la limitaci\u00f3n de su tratamiento.<\/li><li>Oponerte al tratamiento.<\/li><\/ul>\n\n\n\n<p class=\"has-medium-font-size\">No puedes ejercitar el derecho a la portabilidad de los datos.<\/p>\n\n\n\n<p class=\"has-medium-font-size\">El ejercicio de estos derechos es personal y por tanto debe ser ejercido directamente por la persona interesada, solicit\u00e1ndolo directamente a la entidad Titular, lo que significa que cualquier  suscriptora o colaboradora que haya facilitado sus datos en alg\u00fan momento, puede dirigirse a Asociaci\u00f3n Vecinal La Flor y pedir informaci\u00f3n sobre los datos que tiene almacenados y c\u00f3mo los ha obtenido, solicitar la rectificaci\u00f3n de los mismos, oponerse al tratamiento, limitar su uso o solicitar la cancelaci\u00f3n de esos datos en los ficheros de la entidad Titular.<\/p>\n\n\n\n<p class=\"has-medium-font-size\">Para ejercitar tus derechos de acceso, rectificaci\u00f3n, cancelaci\u00f3n y oposici\u00f3n tienes que enviar un correo electr\u00f3nico a avlaflor@avlaflor.org junto con la prueba v\u00e1lida en derecho como una fotocopia del D.N.I. o equivalente.<\/p>\n\n\n\n<p class=\"has-medium-font-size\">Tienes derecho a la tutela judicial efectiva y a presentar una reclamaci\u00f3n ante la autoridad de control, en este caso, la Agencia Espa\u00f1ola de Protecci\u00f3n de Datos, si consideras que el tratamiento de datos personales que te conciernen infringe el Reglamento.<\/p>\n\n\n\n<h2 class=\"wp-block-heading\"><strong>Finalidad del tratamiento de datos personales<\/strong><\/h2>\n\n\n\n<p class=\"has-medium-font-size\">Cuando te conectas al sitio Web para mandar un correo al Titular, o te suscribes a su bolet\u00edn, est\u00e1s facilitando informaci\u00f3n de car\u00e1cter personal de la que el responsable es Asociaci\u00f3n Vecinal La Flor. Esta informaci\u00f3n puede incluir datos de car\u00e1cter personal como pueden ser tu direcci\u00f3n IP, nombre y apellidos, direcci\u00f3n f\u00edsica, direcci\u00f3n de correo electr\u00f3nico, n\u00famero de tel\u00e9fono, y otra informaci\u00f3n. Al facilitar esta informaci\u00f3n, das tu consentimiento para que tu informaci\u00f3n sea recopilada, utilizada, gestionada y almacenada por \u2014 Asociaci\u00f3n Vecinal La Flor \u2014 s\u00f3lo como se describe en la Pol\u00edtica Legal\u00a0y en la presente\u00a0Pol\u00edtica de Privacidad.<\/p>\n\n\n\n<p class=\"has-medium-font-size\">Los datos personales y la finalidad del tratamiento por parte de le entidad Titular es diferente seg\u00fan el sistema de captura de informaci\u00f3n:<\/p>\n\n\n\n<p class=\"has-medium-font-size\">Existen otras finalidades por las que la entidad Titular trata datos personales:<\/p>\n\n\n\n<ul class=\"wp-block-list\"><li>Para garantizar el cumplimiento de las condiciones recogidas en la Pol\u00edtica  Legal\u00a0y en la ley aplicable. Esto puede incluir el desarrollo de herramientas y algoritmos que ayuden a este sitio Web a garantizar la confidencialidad de los datos personales que recoge.<\/li><li>Para apoyar y mejorar los servicios que ofrece este sitio Web.<\/li><li>Para analizar la navegaci\u00f3n de las personas usuarias. La entidad Titular recoge otros datos no identificativos que se obtienen mediante el uso de cookies que se descargan en el ordenador de la Usuaria cuando navega por el sitio Web cuyas caracter\u00edsticas y finalidad est\u00e1n detalladas en la\u00a0Pol\u00edtica de Cookies\u00a0.<\/li><li>Para gestionar las redes sociales. Asociaci\u00f3n Vecinal La Flor tiene presencia en redes sociales. Si te haces seguidor en las redes sociales de la entidad Titular el tratamiento de los datos personales se regir\u00e1 por este apartado, as\u00ed como por aquellas condiciones de uso, pol\u00edticas de privacidad y normativas de acceso que pertenezcan a la red social que proceda en cada caso y que has aceptado previamente.<br>Puedes consultar las pol\u00edticas de privacidad de las principales redes sociales en estos enlaces:<ul><li><a rel=\"noreferrer noopener\" href=\"https:\/\/www.facebook.com\/help\/cookies\" target=\"_blank\">Facebook<\/a><\/li><\/ul><ul><li><a rel=\"noreferrer noopener\" href=\"https:\/\/twitter.com\/privacy\" target=\"_blank\">Twitter<\/a><\/li><\/ul><ul><li><a rel=\"noreferrer noopener\" href=\"https:\/\/www.linkedin.com\/legal\/cookie-policy\" target=\"_blank\">Linkedin<\/a><\/li><\/ul><ul><li><a rel=\"noreferrer noopener\" href=\"https:\/\/www.youtube.com\/privacy\" target=\"_blank\">YouTube<\/a><\/li><\/ul><ul><li><a rel=\"noreferrer noopener\" href=\"https:\/\/www.instagram.com\/legal\/privacy\/\" target=\"_blank\">Instagram<\/a><\/li><\/ul><\/li><\/ul>\n\n\n\n<p class=\"has-medium-font-size\">La entidad Titular tratar\u00e1 tus datos personales con la finalidad de administrar correctamente su presencia en la red social, informarte de sus actividades, as\u00ed como para cualquier otra finalidad que las normativas de las redes sociales permitan.<\/p>\n\n\n\n<p class=\"has-medium-font-size\">En ning\u00fan caso el Titular utilizar\u00e1 los perfiles de seguidores en redes sociales para enviar publicidad de manera individual.<\/p>\n\n\n\n<h2 class=\"wp-block-heading\"><strong>Seguridad de los datos personales<\/strong><\/h2>\n\n\n\n<p class=\"has-medium-font-size\">Para proteger tus datos personales, la entidad Titular toma todas las precauciones razonables y sigue las mejores pr\u00e1cticas para evitar su p\u00e9rdida, mal uso, acceso indebido, divulgaci\u00f3n, alteraci\u00f3n o destrucci\u00f3n de los mismos.<\/p>\n\n\n\n<p class=\"has-medium-font-size\">Tus datos podr\u00e1n ser incorporados a un fichero de lista de correo, del cual Asociaci\u00f3n Vecinal La Flor es responsable de su gesti\u00f3n y tratamiento. La seguridad de tus datos est\u00e1 garantizada, ya que Asociaci\u00f3n Vecinal La Flor toma todas las medidas de seguridad necesarias y te garantiza que los datos personales s\u00f3lo se usar\u00e1n para las finalidades dadas.<\/p>\n\n\n\n<p class=\"has-medium-font-size\">Asociaci\u00f3n Vecinal La Flor informa a la persona Usuaria de que sus datos personales no ser\u00e1n cedidos a terceras organizaciones, con la salvedad de que dicha cesi\u00f3n de datos est\u00e9 amparada en una obligaci\u00f3n legal .<\/p>\n\n\n\n<h2 class=\"wp-block-heading\"><strong>Contenido de otros sitios web<\/strong><\/h2>\n\n\n\n<p class=\"has-medium-font-size\">Las p\u00e1ginas de este sitio Web pueden incluir contenido incrustado (por ejemplo, v\u00eddeos, im\u00e1genes, art\u00edculos, etc.). El contenido incrustado de otras web se comporta exactamente de la misma manera que si hubieras visitado la otra web.<\/p>\n\n\n\n<p class=\"has-medium-font-size\">Estos sitios Web pueden recopilar datos sobre ti, utilizar cookies, incrustar un c\u00f3digo de seguimiento adicional de terceros, y supervisar tu interacci\u00f3n usando este c\u00f3digo.<\/p>\n\n\n\n<h2 class=\"wp-block-heading\"><strong>Pol\u00edtica de Cookies<\/strong><\/h2>\n\n\n\n<p class=\"has-medium-font-size\">Para que este sitio Web funcione correctamente necesita utilizar cookies, que es una informaci\u00f3n que se almacena en tu navegador web.<\/p>\n\n\n\n<p class=\"has-medium-font-size\">En la p\u00e1gina\u00a0Pol\u00edtica de Cookies\u00a0puedes consultar toda la informaci\u00f3n relativa a la pol\u00edtica de recogida, la finalidad y el tratamiento de las cookies.<\/p>\n\n\n\n<h2 class=\"wp-block-heading\"><strong>Legitimaci\u00f3n para el tratamiento de datos<\/strong><\/h2>\n\n\n\n<p class=\"has-medium-font-size\">La base legal para el tratamiento de tus datos es: el consentimiento.<\/p>\n\n\n\n<p class=\"has-medium-font-size\">Para contactar con la entidad Titular, suscribirte a un bolet\u00edn o realizar comentarios en este sitio Web tienes que aceptar la presente Pol\u00edtica de Privacidad.<\/p>\n\n\n\n<h2 class=\"wp-block-heading\"><strong>Categor\u00edas de datos personales<\/strong><\/h2>\n\n\n\n<p class=\"has-medium-font-size\">Las categor\u00edas de datos personales que trata el Titular son:<\/p>\n\n\n\n<ul class=\"wp-block-list\"><li>Datos identificativos.<\/li><li>No se tratan categor\u00edas de datos especialmente protegidos.<\/li><\/ul>\n\n\n\n<h2 class=\"wp-block-heading\"><strong>Conservaci\u00f3n de datos personales<\/strong><\/h2>\n\n\n\n<p>Los datos personales que proporciones a la entidad Titular se conservar\u00e1n hasta que solicites su supresi\u00f3n.<\/p>\n\n\n\n<h2 class=\"wp-block-heading\"><strong>Navegaci\u00f3n Web<\/strong><\/h2>\n\n\n\n<p class=\"has-medium-font-size\">Al navegar por&nbsp;<a href=\"https:\/\/www.avlaflor.org\/?page_id=3390\">http:\/\/www.avlaflor.org<\/a>&nbsp;se pueden recoger datos no identificativos, que pueden incluir, la direcci\u00f3n IP, geolocalizaci\u00f3n, un registro de c\u00f3mo se utilizan los servicios y sitios, h\u00e1bitos de navegaci\u00f3n y otros datos que no pueden ser utilizados para identificarte.<\/p>\n\n\n\n<p class=\"has-medium-font-size\">El Titular no se hace responsable del tratamiento de los datos personales que realicen las p\u00e1ginas web a las que puedas acceder a trav\u00e9s de los distintos enlaces que contiene el sitio Web.<\/p>\n\n\n\n<h2 class=\"wp-block-heading\"><strong>Exactitud y veracidad de los datos personales<\/strong><\/h2>\n\n\n\n<p class=\"has-medium-font-size\">Te comprometes a que los datos facilitados a la entidad Titular sean correctos, completos, exactos y vigentes, as\u00ed como a mantenerlos debidamente actualizados.<\/p>\n\n\n\n<p class=\"has-medium-font-size\">Como  persona Usuaria del sitio Web eres la \u00fanica responsable de la veracidad y correcci\u00f3n de los datos remitidos al sitio Web exonerando a Asociaci\u00f3n Vecinal La Flor de cualquier responsabilidad al respecto.<\/p>\n\n\n\n<h2 class=\"wp-block-heading\"><strong>Aceptaci\u00f3n y consentimiento<\/strong><\/h2>\n\n\n\n<p class=\"has-medium-font-size\">Como  persona Usuaria del sitio Web declaras haber sido informada de las condiciones sobre protecci\u00f3n de datos de car\u00e1cter personal, aceptas y consientes el tratamiento de los mismos por parte de Asociaci\u00f3n Vecinal La Flor en la forma y para las finalidades indicadas en esta Pol\u00edtica de Privacidad.<\/p>\n\n\n\n<h2 class=\"wp-block-heading\"><strong>Revocabilidad<\/strong><\/h2>\n\n\n\n<p class=\"has-medium-font-size\">Para ejercitar tus derechos de acceso, rectificaci\u00f3n, cancelaci\u00f3n y oposici\u00f3n tienes que enviar un correo electr\u00f3nico a avlaflor@avlaflor.org junto con la prueba v\u00e1lida en derecho como una fotocopia del D.N.I. o equivalente.<\/p>\n\n\n\n<p class=\"has-medium-font-size\">El ejercicio de estos derechos no incluye ning\u00fan dato que Asociaci\u00f3n Vecinal La Flor est\u00e9 obligado a conservar con fines administrativos, legales o de seguridad.<\/p>\n\n\n\n<h2 class=\"wp-block-heading\"><strong>Cambios en la Pol\u00edtica de Privacidad<\/strong><\/h2>\n\n\n\n<p class=\"has-medium-font-size\">La entidad Titular se reserva el derecho a modificar la presente Pol\u00edtica de Privacidad para adaptarla a novedades legislativas o jurisprudenciales, as\u00ed como a pr\u00e1cticas de la industria.<\/p>\n\n\n\n<p class=\"has-medium-font-size\">Estas pol\u00edticas estar\u00e1n vigentes hasta que sean modificadas por otras debidamente publicadas.<\/p>\n","protected":false},"excerpt":{"rendered":"<p>Asociaci\u00f3n Vecinal La Flor te informa sobre su Pol\u00edtica de Privacidad respecto del tratamiento y protecci\u00f3n de los datos de &hellip; <a href=\"https:\/\/www.avlaflor.org\/?page_id=3973\" class=\"more-link\">M\u00e1s <span class=\"screen-reader-text\">Pol\u00edtica de privacidad<\/span> <span class=\"meta-nav\">&rarr;<\/span><\/a><\/p>\n","protected":false},"author":2,"featured_media":0,"parent":0,"menu_order":0,"comment_status":"closed","ping_status":"closed","template":"","meta":{"jetpack_post_was_ever_published":false,"footnotes":""},"class_list":["post-3973","page","type-page","status-publish","hentry"],"jetpack_sharing_enabled":true,"_links":{"self":[{"href":"https:\/\/www.avlaflor.org\/index.php?rest_route=\/wp\/v2\/pages\/3973","targetHints":{"allow":["GET"]}}],"collection":[{"href":"https:\/\/www.avlaflor.org\/index.php?rest_route=\/wp\/v2\/pages"}],"about":[{"href":"https:\/\/www.avlaflor.org\/index.php?rest_route=\/wp\/v2\/types\/page"}],"author":[{"embeddable":true,"href":"https:\/\/www.avlaflor.org\/index.php?rest_route=\/wp\/v2\/users\/2"}],"replies":[{"embeddable":true,"href":"https:\/\/www.avlaflor.org\/index.php?rest_route=%2Fwp%2Fv2%2Fcomments&post=3973"}],"version-history":[{"count":1,"href":"https:\/\/www.avlaflor.org\/index.php?rest_route=\/wp\/v2\/pages\/3973\/revisions"}],"predecessor-version":[{"id":3974,"href":"https:\/\/www.avlaflor.org\/index.php?rest_route=\/wp\/v2\/pages\/3973\/revisions\/3974"}],"wp:attachment":[{"href":"https:\/\/www.avlaflor.org\/index.php?rest_route=%2Fwp%2Fv2%2Fmedia&parent=3973"}],"curies":[{"name":"wp","href":"https:\/\/api.w.org\/{rel}","templated":true}]}}