{"id":4049,"date":"2022-11-06T20:12:54","date_gmt":"2022-11-06T19:12:54","guid":{"rendered":"https:\/\/www.avlaflor.org\/?page_id=4049"},"modified":"2025-01-06T10:41:54","modified_gmt":"2025-01-06T09:41:54","slug":"areas-de-trabajo-2","status":"publish","type":"page","link":"https:\/\/www.avlaflor.org\/?page_id=4049","title":{"rendered":"Areas de Trabajo"},"content":{"rendered":"\n<p class=\"has-medium-font-size\">Nuestras vidas como personas y como comunidades son integrales. M\u00e1s a\u00fan, <strong>somos interdependientes unas de otras y somos dependientes de nuestro medio ambiente<\/strong>.<\/p>\n\n\n\n<p class=\"has-medium-font-size\">Si hablamos, por ejemplo, de transporte p\u00fablico, estamos mencionando cuestiones de movilidad, de contaminaci\u00f3n, de accesibilidad, de dise\u00f1o de la ciudad, de patriarcado, de cuidados, de salud, de cercan\u00eda o lejan\u00eda del trabajo, de acceso a la vivienda, de derechos, de precariedad, de exclusi\u00f3n, de diversidades\u2026<\/p>\n\n\n\n<p class=\"has-medium-font-size\">En este contexto de globalidad e integralidad, y sin perder esa perspectiva, hemos distribuido nuestro trabajo en varias \u00e1reas para facilitarlo y organizarlo.<\/p>\n\n\n\n<p class=\"has-medium-font-size\"><strong><a href=\"http:\/\/www.avlaflor.org\/?page_id=2708\" target=\"_blank\" rel=\"noreferrer noopener\">Ciudad Inclusiva<\/a><\/strong><\/p>\n\n\n\n<p class=\"has-medium-font-size\"><strong><a href=\"http:\/\/www.avlaflor.org\/?page_id=2439\" target=\"_blank\" rel=\"noreferrer noopener\">Cultura y Educaci\u00f3n<\/a><\/strong><\/p>\n\n\n\n<p class=\"has-medium-font-size\"><strong><a href=\"http:\/\/www.avlaflor.org\/?page_id=2441\" target=\"_blank\" rel=\"noreferrer noopener\">Derechos<\/a><\/strong><\/p>\n\n\n\n<p class=\"has-medium-font-size\"><a href=\"https:\/\/www.avlaflor.org\/?page_id=4350\"><strong>Econom\u00eda Social y Solidaria<\/strong><\/a>.<\/p>\n\n\n\n<p class=\"has-medium-font-size\"><strong><a href=\"http:\/\/www.avlaflor.org\/?page_id=2702\" target=\"_blank\" rel=\"noreferrer noopener\">Feminismos<\/a><\/strong><\/p>\n\n\n\n<p class=\"has-medium-font-size\"><strong><a href=\"http:\/\/www.avlaflor.org\/?page_id=2435\" target=\"_blank\" rel=\"noreferrer noopener\">Medio Ambiente y Cambio Clim\u00e1tico<\/a><\/strong><\/p>\n\n\n\n<p class=\"has-medium-font-size\"><strong><a href=\"http:\/\/www.avlaflor.org\/?page_id=2097\" target=\"_blank\" rel=\"noreferrer noopener\">Participaci\u00f3n<\/a><\/strong><\/p>\n\n\n\n<p><\/p>\n","protected":false},"excerpt":{"rendered":"<p>Nuestras vidas como personas y como comunidades son integrales. M\u00e1s a\u00fan, somos interdependientes unas de otras y somos dependientes de &hellip; <a href=\"https:\/\/www.avlaflor.org\/?page_id=4049\" class=\"more-link\">M\u00e1s <span class=\"screen-reader-text\">Areas de Trabajo<\/span> <span class=\"meta-nav\">&rarr;<\/span><\/a><\/p>\n","protected":false},"author":6,"featured_media":0,"parent":0,"menu_order":0,"comment_status":"closed","ping_status":"closed","template":"","meta":{"jetpack_post_was_ever_published":false,"footnotes":""},"class_list":["post-4049","page","type-page","status-publish","hentry"],"jetpack_sharing_enabled":true,"_links":{"self":[{"href":"https:\/\/www.avlaflor.org\/index.php?rest_route=\/wp\/v2\/pages\/4049","targetHints":{"allow":["GET"]}}],"collection":[{"href":"https:\/\/www.avlaflor.org\/index.php?rest_route=\/wp\/v2\/pages"}],"about":[{"href":"https:\/\/www.avlaflor.org\/index.php?rest_route=\/wp\/v2\/types\/page"}],"author":[{"embeddable":true,"href":"https:\/\/www.avlaflor.org\/index.php?rest_route=\/wp\/v2\/users\/6"}],"replies":[{"embeddable":true,"href":"https:\/\/www.avlaflor.org\/index.php?rest_route=%2Fwp%2Fv2%2Fcomments&post=4049"}],"version-history":[{"count":3,"href":"https:\/\/www.avlaflor.org\/index.php?rest_route=\/wp\/v2\/pages\/4049\/revisions"}],"predecessor-version":[{"id":4356,"href":"https:\/\/www.avlaflor.org\/index.php?rest_route=\/wp\/v2\/pages\/4049\/revisions\/4356"}],"wp:attachment":[{"href":"https:\/\/www.avlaflor.org\/index.php?rest_route=%2Fwp%2Fv2%2Fmedia&parent=4049"}],"curies":[{"name":"wp","href":"https:\/\/api.w.org\/{rel}","templated":true}]}}

<p class="has-medium-font-size">Nuestras vidas como personas y como comunidades son integrales. Más aún, <strong>somos interdependientes unas de otras y somos dependientes de nuestro medio ambiente</strong>.</p>



<p class="has-medium-font-size">Si hablamos, por ejemplo, de transporte público, estamos mencionando cuestiones de movilidad, de contaminación, de accesibilidad, de diseño de la ciudad, de patriarcado, de cuidados, de salud, de cercanía o lejanía del trabajo, de acceso a la vivienda, de derechos, de precariedad, de exclusión, de diversidades…</p>



<p class="has-medium-font-size">En este contexto de globalidad e integralidad, y sin perder esa perspectiva, hemos distribuido nuestro trabajo en varias áreas para facilitarlo y organizarlo.</p>



<p class="has-medium-font-size"><strong><a href="http://www.avlaflor.org/?page_id=2708" target="_blank" rel="noreferrer noopener">Ciudad Inclusiva</a></strong></p>



<p class="has-medium-font-size"><strong><a href="http://www.avlaflor.org/?page_id=2439" target="_blank" rel="noreferrer noopener">Cultura y Educación</a></strong></p>



<p class="has-medium-font-size"><strong><a href="http://www.avlaflor.org/?page_id=2441" target="_blank" rel="noreferrer noopener">Derechos</a></strong></p>



<p class="has-medium-font-size"><a href="https://www.avlaflor.org/?page_id=4350"><strong>Economía Social y Solidaria</strong></a>.</p>



<p class="has-medium-font-size"><strong><a href="http://www.avlaflor.org/?page_id=2702" target="_blank" rel="noreferrer noopener">Feminismos</a></strong></p>



<p class="has-medium-font-size"><strong><a href="http://www.avlaflor.org/?page_id=2435" target="_blank" rel="noreferrer noopener">Medio Ambiente y Cambio Climático</a></strong></p>



<p class="has-medium-font-size"><strong><a href="http://www.avlaflor.org/?page_id=2097" target="_blank" rel="noreferrer noopener">Participación</a></strong></p>



<p></p>

<p>Nuestras vidas como personas y como comunidades son integrales. Más aún, somos interdependientes unas de otras y somos dependientes de &hellip; <a href="https://www.avlaflor.org/?page_id=4049" class="more-link">Más <span class="screen-reader-text">Areas de Trabajo</span> <span class="meta-nav">&rarr;</span></a></p>
