{"id":4350,"date":"2025-01-06T10:28:41","date_gmt":"2025-01-06T09:28:41","guid":{"rendered":"https:\/\/www.avlaflor.org\/?page_id=4350"},"modified":"2026-01-05T11:39:28","modified_gmt":"2026-01-05T10:39:28","slug":"economia-social-y-solidaria","status":"publish","type":"page","link":"https:\/\/www.avlaflor.org\/?page_id=4350","title":{"rendered":"Econom\u00eda Social y Solidaria."},"content":{"rendered":"\n<p class=\"has-medium-font-size\"><strong>Poniendo la vida en el centro<\/strong><\/p>\n\n\n\n<p class=\"has-medium-font-size\">Es decir, <strong>poniendo los procesos de sostenimiento de la vida en el centro de la actividad socioecon\u00f3mica<\/strong>, situando a las personas, las comunidades y el entorno ambiental por encima del capital y su acumulaci\u00f3n.<\/p>\n\n\n\n<p class=\"has-medium-font-size\">La Econom\u00eda Social y Solidaria, que se agrupa en <strong>REAS Red de Redes<\/strong>, promueve y desarrolla <strong>iniciativas alternativas en todas las esferas el ciclo econ\u00f3mico<\/strong>, y lo hace desde una <strong><a href=\"https:\/\/reas.red\/auditoria-balance-social\/\" target=\"_blank\" rel=\"noreferrer noopener\">perspectiva transformadora<\/a><\/strong> de inclusividad, cooperaci\u00f3n, autogesti\u00f3n, equidad, solidaridad, feminismos, sostenibilidad ecol\u00f3gica, trabajo digno, reparto justo de la riqueza.<\/p>\n\n\n\n<p class=\"has-medium-font-size\">Desde hace un par de d\u00e9cadas, la Asociaci\u00f3n Vecinal incluimos esta perspectiva en nuestras acciones, comenzando por interactuar con entidades cooperativas del <a href=\"https:\/\/mercadosocial.net\/\" target=\"_blank\" rel=\"noreferrer noopener\"><strong>Mercado Social de Madrid<\/strong><\/a> (MESM) para el seguro de responsabilidad civil necesario para muchas actividades, por pasarnos a lo que se conoce como banca \u00e9tica, por el apoyo a los grupos de producci\u00f3n agroecol\u00f3gica, con los que mantuvimos un grupo de consumo, y que dio un salto cualitativo cuando se cre\u00f3 en la zona el <a href=\"https:\/\/laosa.coop\/\" target=\"_blank\" rel=\"noreferrer noopener\"><strong>Supermercado Cooperativo LA OSA<\/strong><\/a><strong>,<\/strong> al que apoyamos desde sus inicios, y del que somos entidad colaboradora.<\/p>\n\n\n\n<p class=\"has-medium-font-size\">Contamos para muchas de nuestras actividades vecinales con la colaboraci\u00f3n de diversas entidades del MESM en formato talleres y presentaciones de libros. As\u00ed, hemos trabajado feminismos, comunicaci\u00f3n, asesor\u00eda energ\u00e9tica, cohousing, urbanismo inclusivo\u2026<\/p>\n\n\n\n<p><\/p>\n","protected":false},"excerpt":{"rendered":"<p>Poniendo la vida en el centro Es decir, poniendo los procesos de sostenimiento de la vida en el centro de &hellip; <a href=\"https:\/\/www.avlaflor.org\/?page_id=4350\" class=\"more-link\">M\u00e1s <span class=\"screen-reader-text\">Econom\u00eda Social y Solidaria.<\/span> <span class=\"meta-nav\">&rarr;<\/span><\/a><\/p>\n","protected":false},"author":2,"featured_media":4417,"parent":4049,"menu_order":0,"comment_status":"closed","ping_status":"closed","template":"","meta":{"jetpack_post_was_ever_published":false,"footnotes":""},"class_list":["post-4350","page","type-page","status-publish","has-post-thumbnail","hentry"],"jetpack_sharing_enabled":true,"_links":{"self":[{"href":"https:\/\/www.avlaflor.org\/index.php?rest_route=\/wp\/v2\/pages\/4350","targetHints":{"allow":["GET"]}}],"collection":[{"href":"https:\/\/www.avlaflor.org\/index.php?rest_route=\/wp\/v2\/pages"}],"about":[{"href":"https:\/\/www.avlaflor.org\/index.php?rest_route=\/wp\/v2\/types\/page"}],"author":[{"embeddable":true,"href":"https:\/\/www.avlaflor.org\/index.php?rest_route=\/wp\/v2\/users\/2"}],"replies":[{"embeddable":true,"href":"https:\/\/www.avlaflor.org\/index.php?rest_route=%2Fwp%2Fv2%2Fcomments&post=4350"}],"version-history":[{"count":4,"href":"https:\/\/www.avlaflor.org\/index.php?rest_route=\/wp\/v2\/pages\/4350\/revisions"}],"predecessor-version":[{"id":4419,"href":"https:\/\/www.avlaflor.org\/index.php?rest_route=\/wp\/v2\/pages\/4350\/revisions\/4419"}],"up":[{"embeddable":true,"href":"https:\/\/www.avlaflor.org\/index.php?rest_route=\/wp\/v2\/pages\/4049"}],"wp:featuredmedia":[{"embeddable":true,"href":"https:\/\/www.avlaflor.org\/index.php?rest_route=\/wp\/v2\/media\/4417"}],"wp:attachment":[{"href":"https:\/\/www.avlaflor.org\/index.php?rest_route=%2Fwp%2Fv2%2Fmedia&parent=4350"}],"curies":[{"name":"wp","href":"https:\/\/api.w.org\/{rel}","templated":true}]}}

Economía Social y Solidaria.

<p class="has-medium-font-size"><strong>Poniendo la vida en el centro</strong></p>



<p class="has-medium-font-size">Es decir, <strong>poniendo los procesos de sostenimiento de la vida en el centro de la actividad socioeconómica</strong>, situando a las personas, las comunidades y el entorno ambiental por encima del capital y su acumulación.</p>



<p class="has-medium-font-size">La Economía Social y Solidaria, que se agrupa en <strong>REAS Red de Redes</strong>, promueve y desarrolla <strong>iniciativas alternativas en todas las esferas el ciclo económico</strong>, y lo hace desde una <strong><a href="https://reas.red/auditoria-balance-social/" target="_blank" rel="noreferrer noopener">perspectiva transformadora</a></strong> de inclusividad, cooperación, autogestión, equidad, solidaridad, feminismos, sostenibilidad ecológica, trabajo digno, reparto justo de la riqueza.</p>



<p class="has-medium-font-size">Desde hace un par de décadas, la Asociación Vecinal incluimos esta perspectiva en nuestras acciones, comenzando por interactuar con entidades cooperativas del <a href="https://mercadosocial.net/" target="_blank" rel="noreferrer noopener"><strong>Mercado Social de Madrid</strong></a> (MESM) para el seguro de responsabilidad civil necesario para muchas actividades, por pasarnos a lo que se conoce como banca ética, por el apoyo a los grupos de producción agroecológica, con los que mantuvimos un grupo de consumo, y que dio un salto cualitativo cuando se creó en la zona el <a href="https://laosa.coop/" target="_blank" rel="noreferrer noopener"><strong>Supermercado Cooperativo LA OSA</strong></a><strong>,</strong> al que apoyamos desde sus inicios, y del que somos entidad colaboradora.</p>



<p class="has-medium-font-size">Contamos para muchas de nuestras actividades vecinales con la colaboración de diversas entidades del MESM en formato talleres y presentaciones de libros. Así, hemos trabajado feminismos, comunicación, asesoría energética, cohousing, urbanismo inclusivo…</p>



<p></p>

<p>Poniendo la vida en el centro Es decir, poniendo los procesos de sostenimiento de la vida en el centro de &hellip; <a href="https://www.avlaflor.org/?page_id=4350" class="more-link">Más <span class="screen-reader-text">Economía Social y Solidaria.</span> <span class="meta-nav">&rarr;</span></a></p>
